rime factors of 284.
2, 71
List the prime factors of 68744.
2, 13, 661
List the prime factors of 7765.
5, 1553
List the prime factors of 20840.
2, 5, 521
List the prime factors of 4443.
3, 1481
What are the prime factors of 20736?
2, 3
List the prime factors of 2398.
2, 11, 109
List the prime factors of 1586.
2, 13, 61
What are the prime factors of 1264?
2, 79
List the prime factors of 1423.
1423
List the prime factors of 233.
233
List the prime factors of 906.
2, 3, 151
List the prime factors of 3573.
3, 397
List the prime factors of 82114.
2, 41057
What are the prime factors of 22083?
3, 17, 433
What are the prime factors of 35417?
107, 331
What are the prime factors of 3728?
2, 233
What are the prime factors of 3540?
2, 3, 5, 59
What are the prime factors of 29653?
13, 2281
List the prime factors of 6674.
2, 47, 71
What are the prime factors of 2443?
7, 349
List the prime factors of 286.
2, 11, 13
What are the prime factors of 51?
3, 17
What are the prime factors of 2958?
2, 3, 17, 29
List the prime factors of 19411.
7, 47, 59
What are the prime factors of 2468?
2, 617
What are the prime factors of 21405?
3, 5, 1427
List the prime factors of 1289.
1289
What are the prime factors of 31903?
61, 523
List the prime factors of 2565.
3, 5, 19
What are the prime factors of 2271?
3, 757
What are the prime factors of 4836?
2, 3, 13, 31
List the prime factors of 3272.
2, 409
What are the prime factors of 17348?
2, 4337
What are the prime factors of 75372?
2, 3, 11, 571
What are the prime factors of 2414?
2, 17, 71
List the prime factors of 6197.
6197
What are the prime factors of 38045?
5, 7, 1087
List the prime factors of 877.
877
What are the prime factors of 31840?
2, 5, 199
What are the prime factors of 3382?
2, 19, 89
List the prime factors of 10624.
2, 83
What are the prime factors of 97438?
2, 11, 43, 103
What are the prime factors of 27744?
2, 3, 17
What are the prime factors of 28120?
2, 5, 19, 37
List the prime factors of 29456.
2, 7, 263
List the prime factors of 455.
5, 7, 13
What are the prime factors of 8329?
8329
What are the prime factors of 23773?
23773
What are the prime factors of 40981?
107, 383
List the prime factors of 9052.
2, 31, 73
What are the prime factors of 1523?
1523
What are the prime factors of 557?
557
List the prime factors of 695.
5, 139
List the prime factors of 984.
2, 3, 41
What are the prime factors of 615?
3, 5, 41
What are the prime factors of 39996?
2, 3, 11, 101
What are the prime factors of 1799?
7, 257
What are the prime factors of 405?
3, 5
What are the prime factors of 4780?
2, 5, 239
What are the prime factors of 1381?
1381
What are the prime factors of 26873?
7, 11, 349
What are the prime factors of 25071?
3, 61, 137
What are the prime factors of 13902?
2, 3, 7, 331
List the prime factors of 655.
5, 131
List the prime factors of 11756.
2, 2939
What are the prime factors of 40580?
2, 5, 2029
What are the prime factors of 219?
3, 73
What are the prime factors of 7725?
3, 5, 103
What are the prime factors of 18280?
2, 5, 457
What are the prime factors of 8467?
8467
List the prime factors of 467.
467
What are the prime factors of 2793?
3, 7, 19
What are the prime factors of 355?
5, 71
What are the prime factors of 724?
2, 181
What are the prime factors of 1874?
2, 937
What are the prime factors of 18200?
2, 5, 7, 13
List the prime factors of 75398.
2, 37699
List the prime factors of 3101.
7, 443
What are the prime factors of 2314?
2, 13, 89
What are the prime factors of 34672?
2, 11, 197
What are the prime factors of 5056?
2, 79
List the prime factors of 25700.
2, 5, 257
What are the prime factors of 147543?
3, 11, 17, 263
List the prime factors of 46497.
3, 11, 1409
List the prime factors of 3429.
3, 127
List the prime factors of 16517.
83, 199
List the prime factors of 2949.
3, 983
List the prime factors of 30058.
2, 7, 19, 113
What are the prime factors of 7376?
2, 461
What are the prime factors of 51339?
3, 109, 157
What are the prime factors of 1209?
3, 13, 31
List the prime factors of 803.
11, 73
List the prime factors of 20192.
2, 631
List the prime factors of 10164.
2, 3, 7, 11
What are the prime factors of 2497?
11, 227
What are the prime factors of 4469?
41, 109
What are the prime factors of 59291?
211, 281
List the prime factors of 2431.
11, 13, 17
What are the prime factors of 17207?
17207
List the prime factors of 2297.
2297
What are the prime factors of 1560?
2, 3, 5, 13
What are the prime factors of 4688?
2, 293
List the prime factors of 2551.
2551
List the prime factors of 11859.
3, 59, 67
What are the prime factors of 452?
2, 113
List the prime factors of 624.
2, 3, 13
List the prime factors of 107443.
7, 15349
List the prime factors of 16544.
2, 11, 47
What are the prime factors of 21?
3, 7
What are the prime factors of 34821?
3, 53, 73
List the prime factors of 48231.
3, 23, 233
List the prime factors of 2646.
2, 3, 7
What are the prime factors of 78259?
78259
List the prime factors of 2138.
2, 1069
What are the prime factors of 1464?
2, 3, 61
What are the prime factors of 11864?
2, 1483
List the prime factors of 20193.
3, 53, 127
List the prime factors of 11743.
11743
What are the prime factors of 132821?
13, 17, 601
What are the prime factors of 1074?
2, 3, 179
What are the prime factors of 1580?
2, 5, 79
List the prime factors of 20780.
2, 5, 1039
What are the prime factors of 836?
2, 11, 19
What are the prime factors of 805?
5, 7, 23
List the prime factors of 7988.
2, 1997
What are the prime factors of 1538?
2, 769
List the prime factors of 4166.
2, 2083
What are the prime factors of 32667?
3, 10889
List the prime factors of 4186.
2, 7, 13, 23
What are the prime factors of 108601?
223, 487
What are the prime factors of 3665?
5, 733
List the prime factors of 874.
2, 19, 23
What are the prime factors of 1191?
3, 397
List the prime factors of 587.
587
What are the prime factors of 1139?
17, 67
List the prime factors of 3781.
19, 199
What are the prime factors of 19815?
3, 5, 1321
What are the prime factors of 1207?
17, 71
List the prime factors of 3405.
3, 5, 227
List the prime factors of 893.
19, 47
What are the prime factors of 5144?
2, 643
List the prime factors of 3630.
2, 3, 5, 11
List the prime factors of 1286.
2, 643
List the prime factors of 4619.
31, 149
List the prime factors of 28737.
3, 31, 103
What are the prime factors of 4562?
2, 2281
What are the prime factors of 1148?
2, 7, 41
What are the prime factors of 114807?
3, 7, 11, 71
List the prime factors of 24559.
41, 599
List the prime factors of 2308.
2, 577
What are the prime factors of 30954?
2, 3, 7, 11, 67
What are the prime factors of 416?
2, 13
What are the prime factors of 8866?
2, 11, 13, 31
What are the prime factors of 1087?
1087
What are the prime factors of 29807?
41, 727
What are the prime factors of 45871?
7, 6553
What are the prime factors of 67007?
37, 1811
List the prime factors of 579.
3, 193
List the prime factors of 232.
2, 29
List the prime factors of 12408.
2, 3, 11, 47
List the prime factors of 16080.
2, 3, 5, 67
What are the prime factors of 18691?
18691
What are the prime factors of 13028?
2, 3257
List the prime factors of 995.
5, 199
What are the prime factors of 33712?
2, 7, 43
What are the prime factors of 32559?
3, 10853
List the prime factors of 4106.
2, 2053
What are the prime factors of 173937?
3, 37, 1567
List the prime factors of 211.
211
List the prime factors of 939.
3, 313
List the prime factors of 7990.
2, 5, 17, 47
What are the prime factors of 15105?
3, 5, 19, 53
List the prime factors of 6364.
2, 37, 43
What are the prime factors of 4482?
2, 3, 83
What are the prime factors of 2341?
2341
What are the prime factors of 253?
11, 23
List the prime factors of 6470.
2, 5, 647
What are the prime factors of 890?
2, 5, 89
What are the prime factors of 48?
2, 3
List the prime factors of 8255.
5, 13, 127
What are the prime factors of 110993?
17, 6529
List the prime factors of 30522.
2, 3, 5087
What are the prime factors of 2145?
3, 5, 11, 13
What are the prime factors of 33096?
2, 3, 7, 197
List the prime factors of 3518.
2, 1759
What are the prime factors of 5103?
3, 7
What are the prime factors of 6924?
2, 3, 577
List the prime factors of 17104.
2, 1069
What are the prime factors of 409